{"id":2977,"date":"2021-05-06T19:13:26","date_gmt":"2021-05-06T19:13:26","guid":{"rendered":"https:\/\/portalsej.jalisco.gob.mx\/micrositios\/?page_id=2977"},"modified":"2021-05-11T17:08:29","modified_gmt":"2021-05-11T17:08:29","slug":"sigues-estudiando-sigue-tus-suenos","status":"publish","type":"page","link":"https:\/\/portalsej.jalisco.gob.mx\/micrositios\/?page_id=2977","title":{"rendered":"Sigue estudiando, sigue tus sue\u00f1os"},"content":{"rendered":"\t\t<div data-elementor-type=\"wp-page\" data-elementor-id=\"2977\" class=\"elementor elementor-2977\" data-elementor-settings=\"[]\">\n\t\t\t\t\t\t\t<div class=\"elementor-section-wrap\">\n\t\t\t\t\t\t\t<section class=\"elementor-section elementor-top-section elementor-element elementor-element-c2cf5bc elementor-section-boxed elementor-section-height-default elementor-section-height-default\" data-id=\"c2cf5bc\" data-element_type=\"section\">\n\t\t\t\t\t\t<div class=\"elementor-container elementor-column-gap-default\">\n\t\t\t\t\t<div class=\"elementor-column elementor-col-100 elementor-top-column elementor-element elementor-element-e1ab783\" data-id=\"e1ab783\" data-element_type=\"column\">\n\t\t\t<div class=\"elementor-widget-wrap elementor-element-populated\">\n\t\t\t\t\t\t\t\t<div class=\"elementor-element elementor-element-04322c4 elementor-widget elementor-widget-text-editor\" data-id=\"04322c4\" data-element_type=\"widget\" data-widget_type=\"text-editor.default\">\n\t\t\t\t<div class=\"elementor-widget-container\">\n\t\t\t\t\t\t\t<p><span style=\"font-weight: 400;\">SEP fomenta la permanencia educativa en el bachillerato\u00a0<\/span><\/p><ul><li style=\"font-weight: 400;\" aria-level=\"1\"><span style=\"font-weight: 400;\">La SEMS impulsa diversas estrategias para apoyar a los j\u00f3venes y combatir el abandono escolar<\/span><\/li><\/ul><p><span style=\"font-weight: 400;\">La Secretar\u00eda de Educaci\u00f3n P\u00fablica, a trav\u00e9s de la Subsecretar\u00eda de Educaci\u00f3n Media Superior (SEMS), impulsa estrategias y acciones diversas para fomentar la permanencia educativa en el bachillerato, y as\u00ed reducir el abandono escolar en este nivel educativo.<\/span><\/p><p><span style=\"font-weight: 400;\">Una de estas iniciativas es la campa\u00f1a\u00a0\u201cSigue estudiando, sigue tus sue\u00f1os\u201d,\u00a0que en su versi\u00f3n 2018, tiene como prop\u00f3sito informar a los j\u00f3venes y que se familiaricen, con los apoyos que tienen a su alcance directamente en los planteles donde estudian.<\/span><\/p><p><span style=\"font-weight: 400;\">Esta es una estrategia integral que busca apoyar a los estudiantes en los distintos \u00e1mbitos que frecuentemente amenazan su continuidad escolar, mediante: asesor\u00edas de tutores y orientadores vocacionales, becas, programas y orientaci\u00f3n para favorecer una mejor toma de decisiones, fortalecimiento de las habilidades socioemocionales, entre otras, mediante los cuales se busca apoyar su proyecto escolar.<\/span><\/p><p><span style=\"font-weight: 400;\">Estas acciones de informaci\u00f3n se insertan en el\u00a0movimiento contra el abandono escolar, que puso en marcha la SEMS\u00a0como una estrategia de car\u00e1cter nacional que considera la participaci\u00f3n conjunta y coordinada de autoridades educativas federales y estatales, directivos de planteles, docentes, padres de familia, estudiantes y sociedad en general, para lograr mayores \u00edndices de acceso, permanencia y conclusi\u00f3n exitosa de los estudios de nivel medio superior.<\/span><\/p><p><span style=\"font-weight: 400;\">Sigue estudiando, sigue tus sue\u00f1os\u00a0se puso en marcha por primera ocasi\u00f3n en 2017, con una excelente respuesta de las comunidades acad\u00e9micas, autoridades educativas, docentes y alumnos. Es por ello que consideramos pertinente renovar esta iniciactiva y ponemos a su disposici\u00f3n esta nueva versi\u00f3n.<\/span><\/p><p><span style=\"font-size: 15px; font-weight: 400; color: var( --e-global-color-text );\">Con ella se busca promover entre los estudiantes los apoyos que tienen a su disposici\u00f3n para continuar su trayectoria educativa. Estas estrategias de apoyo para los estudiantes se orientan a atender las tres causas m\u00e1s frecuentes de abandono escolar: los factores econ\u00f3micos, las cuestiones acad\u00e9micas y las decisiones personales o familiares.<\/span><\/p><p><span style=\"font-weight: 400;\">\u00a0<\/span><span style=\"font-size: 15px; font-weight: 400; color: var( --e-global-color-text );\">Para atender el aspecto econ\u00f3mico, la SEP impulsa diversas modalidades de becas, y espec\u00edficamente una beca para la continuidad educativa,\u00a0cuya convocatoria es permanente, por lo que puede ser solicitada en cualquier momento.\u00a0El monto de esta beca oscila entre los 650 pesos\u00a0\u00a0y 875 pesos, dependiendo del a\u00f1o escolar y sexo.<\/span><\/p><p><span style=\"font-weight: 400;\">\u00a0<\/span><span style=\"font-size: 15px; font-weight: 400; color: var( --e-global-color-text );\">Respecto a din\u00e1micas acad\u00e9micas se impulsan programas como:<\/span><\/p><ul><li style=\"font-weight: 400;\" aria-level=\"1\"><span style=\"font-weight: 400;\">Las\u00a0Tutor\u00edas acad\u00e9micas\u00a0(de docentes y entre pares) que es un proceso de acompa\u00f1amiento personalizado que tiene como objetivo mejorar el rendimiento escolar, solucionar problemas escolares y desarrollar h\u00e1bitos de estudio y trabajo para evitar la reprobaci\u00f3n, el rezago y el abandono escolar;\u00a0<\/span><\/li><li style=\"font-weight: 400;\" aria-level=\"1\"><span style=\"font-weight: 400;\">El programa\u00a0J\u00f3venes lectores\u00a0que fortalece el desempe\u00f1o acad\u00e9mico a trav\u00e9s de la lectura y escritura, cuenta con un sitio web con m\u00e1s de 130 mil enlaces a textos literarios, cient\u00edficos y t\u00e9cnicos;\u00a0\u00a0adem\u00e1s, es un espacio donde los j\u00f3venes pueden hacer publicaciones de art\u00edculos de opini\u00f3n para esta comunidad, a nivel nacional y hasta en otros pa\u00edses.<\/span><\/li><li style=\"font-weight: 400;\" aria-level=\"1\"><span style=\"font-weight: 400;\">Portal de\u00a0Orientaci\u00f3n vocacional Decide tus Estudios,\u00a0que\u00a0\u00a0brinda a los alumnos la informaci\u00f3n necesaria para que elijan la carrera a cursar (a nivel t\u00e9cnico o de licenciatura), seleccionen el \u00e1rea del bachillerato de acuerdo a sus intereses acad\u00e9micos, escojan las materias optativas que refuercen tu preparaci\u00f3n, as\u00ed como facilitar su incorporaci\u00f3n al mercado laboral, si as\u00ed lo requieren;<\/span><\/li><li style=\"font-weight: 400;\" aria-level=\"1\"><span style=\"font-weight: 400;\">El servicio de\u00a0Orientaci\u00f3n educativa, que apoya a los alumnos de una manera integral con programas que aporten al desarrollo de sus competencias y, a su vez, atiendan las \u00e1reas escolar, vocacional y psicosocial que inciden en el proceso de ense\u00f1anza aprendizaje;<\/span><\/li><\/ul><p><span style=\"font-size: 15px; font-weight: 400; color: var( --e-global-color-text );\">En cuanto a las decisiones personales o familiares se busca atender a los j\u00f3venes con el programa de fortalecimiento de las habilidades socioemocionales:\u00a0Construye T, y as\u00ed mejorar su trayectoria acad\u00e9mica y el ambiente escolar. El aprendizaje socioemocional se refiere a la capacidad del joven para enfrentar de manera positiva y asertiva los distintos riesgos a los que se enfrenta por su edad, su contexto familiar, su condici\u00f3n socioecon\u00f3mica y las vicisitudes de la vida en general.<\/span><\/p><p><span style=\"font-weight: 400;\">Estos servicios y programas est\u00e1n al alcance de todos los estudiantes que se encuentran en situaciones riesgo de abandonar sus estudios, que necesiten el apoyo o intervenci\u00f3n de las autoridades acad\u00e9micas.<\/span><\/p><p><span style=\"font-weight: 400;\">Como parte de la iniciativa\u00a0Sigue estudiando, sigue tus sue\u00f1os, la SEP cre\u00f3 un sitio donde las y los j\u00f3venes pueden encontrar una amplia variedad de testimonios de sus compa\u00f1eros, que cuentan sus historias, los obst\u00e1culos a los que se enfrentaron y c\u00f3mo lograron superarlos, as\u00ed como sus experiencias en torno a c\u00f3mo permanecer y concluir los estudios de bachillerato. Dicho portal se ubica en la direcci\u00f3n\u00a0<\/span><a href=\"http:\/\/www.sems.gob.mx\/sigue-estudiando\"><span style=\"font-weight: 400;\">www.sems.gob.mx\/sigue-estudiando<\/span><\/a><span style=\"font-weight: 400;\">.<\/span><\/p>\t\t\t\t\t\t<\/div>\n\t\t\t\t<\/div>\n\t\t\t\t\t<\/div>\n\t\t<\/div>\n\t\t\t\t\t\t\t<\/div>\n\t\t<\/section>\n\t\t\t\t\t\t<\/div>\n\t\t\t\t\t<\/div>\n\t\t","protected":false},"excerpt":{"rendered":"<p>SEP fomenta la permanencia educativa en el bachillerato&nbsp; La SEMS impulsa diversas estrategias para apoyar a los j\u00f3venes y combatir el abandono escolar La Secretar\u00eda de Educaci\u00f3n P\u00fablica, a trav\u00e9s de la Subsecretar\u00eda de Educaci\u00f3n Media Superior (SEMS), impulsa estrategias y acciones diversas para fomentar la permanencia educativa en el bachillerato, y as\u00ed reducir el &hellip;<\/p>\n<p class=\"read-more\"> <a class=\"\" href=\"https:\/\/portalsej.jalisco.gob.mx\/micrositios\/?page_id=2977\"> <span class=\"screen-reader-text\">Sigue estudiando, sigue tus sue\u00f1os<\/span> Leer m\u00e1s &raquo;<\/a><\/p>\n","protected":false},"author":1,"featured_media":0,"parent":2962,"menu_order":1,"comment_status":"closed","ping_status":"closed","template":"","meta":{"footnotes":""},"class_list":["post-2977","page","type-page","status-publish","hentry"],"_links":{"self":[{"href":"https:\/\/portalsej.jalisco.gob.mx\/micrositios\/index.php?rest_route=\/wp\/v2\/pages\/2977","targetHints":{"allow":["GET"]}}],"collection":[{"href":"https:\/\/portalsej.jalisco.gob.mx\/micrositios\/index.php?rest_route=\/wp\/v2\/pages"}],"about":[{"href":"https:\/\/portalsej.jalisco.gob.mx\/micrositios\/index.php?rest_route=\/wp\/v2\/types\/page"}],"author":[{"embeddable":true,"href":"https:\/\/portalsej.jalisco.gob.mx\/micrositios\/index.php?rest_route=\/wp\/v2\/users\/1"}],"replies":[{"embeddable":true,"href":"https:\/\/portalsej.jalisco.gob.mx\/micrositios\/index.php?rest_route=%2Fwp%2Fv2%2Fcomments&post=2977"}],"version-history":[{"count":10,"href":"https:\/\/portalsej.jalisco.gob.mx\/micrositios\/index.php?rest_route=\/wp\/v2\/pages\/2977\/revisions"}],"predecessor-version":[{"id":2988,"href":"https:\/\/portalsej.jalisco.gob.mx\/micrositios\/index.php?rest_route=\/wp\/v2\/pages\/2977\/revisions\/2988"}],"up":[{"embeddable":true,"href":"https:\/\/portalsej.jalisco.gob.mx\/micrositios\/index.php?rest_route=\/wp\/v2\/pages\/2962"}],"wp:attachment":[{"href":"https:\/\/portalsej.jalisco.gob.mx\/micrositios\/index.php?rest_route=%2Fwp%2Fv2%2Fmedia&parent=2977"}],"curies":[{"name":"wp","href":"https:\/\/api.w.org\/{rel}","templated":true}]}}