{"id":3268,"date":"2021-05-11T17:12:27","date_gmt":"2021-05-11T17:12:27","guid":{"rendered":"https:\/\/portalsej.jalisco.gob.mx\/micrositios\/?page_id=3268"},"modified":"2021-06-02T16:58:42","modified_gmt":"2021-06-02T16:58:42","slug":"nuevo-modelo-educativo","status":"publish","type":"page","link":"https:\/\/portalsej.jalisco.gob.mx\/micrositios\/?page_id=3268","title":{"rendered":"Nuevo Modelo Educativo"},"content":{"rendered":"\t\t<div data-elementor-type=\"wp-page\" data-elementor-id=\"3268\" class=\"elementor elementor-3268\" data-elementor-settings=\"[]\">\n\t\t\t\t\t\t\t<div class=\"elementor-section-wrap\">\n\t\t\t\t\t\t\t<section class=\"elementor-section elementor-top-section elementor-element elementor-element-c2cf5bc elementor-section-boxed elementor-section-height-default elementor-section-height-default\" data-id=\"c2cf5bc\" data-element_type=\"section\">\n\t\t\t\t\t\t<div class=\"elementor-container elementor-column-gap-default\">\n\t\t\t\t\t<div class=\"elementor-column elementor-col-100 elementor-top-column elementor-element elementor-element-e1ab783\" data-id=\"e1ab783\" data-element_type=\"column\">\n\t\t\t<div class=\"elementor-widget-wrap elementor-element-populated\">\n\t\t\t\t\t\t\t\t<div class=\"elementor-element elementor-element-04322c4 elementor-widget elementor-widget-text-editor\" data-id=\"04322c4\" data-element_type=\"widget\" data-widget_type=\"text-editor.default\">\n\t\t\t\t<div class=\"elementor-widget-container\">\n\t\t\t\t\t\t\t\t\t\t\t\t\t<\/div>\n\t\t\t\t<\/div>\n\t\t\t\t<div class=\"elementor-element elementor-element-6bba5f2 elementor-widget elementor-widget-heading\" data-id=\"6bba5f2\" data-element_type=\"widget\" data-widget_type=\"heading.default\">\n\t\t\t\t<div class=\"elementor-widget-container\">\n\t\t\t<h2 class=\"elementor-heading-title elementor-size-default\">Informaci\u00f3n Acad\u00e9mica<\/h2>\t\t<\/div>\n\t\t\t\t<\/div>\n\t\t\t\t\t<\/div>\n\t\t<\/div>\n\t\t\t\t\t\t\t<\/div>\n\t\t<\/section>\n\t\t\t\t<section class=\"elementor-section elementor-top-section elementor-element elementor-element-025f169 elementor-section-boxed elementor-section-height-default elementor-section-height-default\" data-id=\"025f169\" data-element_type=\"section\">\n\t\t\t\t\t\t<div class=\"elementor-container elementor-column-gap-default\">\n\t\t\t\t\t<div class=\"elementor-column elementor-col-100 elementor-top-column elementor-element elementor-element-6294cdc\" data-id=\"6294cdc\" data-element_type=\"column\">\n\t\t\t<div class=\"elementor-widget-wrap elementor-element-populated\">\n\t\t\t\t\t\t\t\t<div class=\"elementor-element elementor-element-7509e02 elementor-widget elementor-widget-accordion\" data-id=\"7509e02\" data-element_type=\"widget\" data-widget_type=\"accordion.default\">\n\t\t\t\t<div class=\"elementor-widget-container\">\n\t\t\t\t\t<div class=\"elementor-accordion\" role=\"tablist\">\n\t\t\t\t\t\t\t<div class=\"elementor-accordion-item\">\n\t\t\t\t\t<div id=\"elementor-tab-title-1221\" class=\"elementor-tab-title\" data-tab=\"1\" role=\"tab\" aria-controls=\"elementor-tab-content-1221\" aria-expanded=\"false\">\n\t\t\t\t\t\t\t\t\t\t\t\t\t<span class=\"elementor-accordion-icon elementor-accordion-icon-left\" aria-hidden=\"true\">\n\t\t\t\t\t\t\t\t\t\t\t\t\t\t\t<span class=\"elementor-accordion-icon-closed\"><i class=\"fas fa-plus\"><\/i><\/span>\n\t\t\t\t\t\t\t\t<span class=\"elementor-accordion-icon-opened\"><i class=\"fas fa-minus\"><\/i><\/span>\n\t\t\t\t\t\t\t\t\t\t\t\t\t\t<\/span>\n\t\t\t\t\t\t\t\t\t\t\t\t<a class=\"elementor-accordion-title\" href=\"\">Bachillerato General<\/a>\n\t\t\t\t\t<\/div>\n\t\t\t\t\t<div id=\"elementor-tab-content-1221\" class=\"elementor-tab-content elementor-clearfix\" data-tab=\"1\" role=\"tabpanel\" aria-labelledby=\"elementor-tab-title-1221\"><p><a href=\"https:\/\/portalsej.jalisco.gob.mx\/micrositios\/wp-content\/uploads\/2021\/05\/formato_de_mapa_curricular_nuevo_logomayo2019.doc\" target=\"_blank\" rel=\"noopener\">Formato de Mapa Curricular<\/a><\/p><p><a href=\"https:\/\/portalsej.jalisco.gob.mx\/micrositios\/wp-content\/uploads\/2021\/05\/formato_de_mapa_curricular_5to_par_1mayo2019.doc\" target=\"_blank\" rel=\"noopener\">Formato de Mapa Curricular 5to. par<\/a><\/p><p><a href=\"https:\/\/portalsej.jalisco.gob.mx\/micrositios\/wp-content\/uploads\/2021\/05\/anexo_para_formacin_propedeuticav3mayo2019.pdf\" target=\"_blank\" rel=\"noopener\">Anexo para materias de Formaci\u00f3n proped\u00e9utica<\/a><\/p><p><a href=\"https:\/\/portalsej.jalisco.gob.mx\/micrositios\/wp-content\/uploads\/2021\/05\/anexo_para_las_materias_de_formacin_profesionalv3mayo2019.pdf\" target=\"_blank\" rel=\"noopener\">Anexo para las materias de Formaci\u00f3n profesional<\/a><\/p><\/div>\n\t\t\t\t<\/div>\n\t\t\t\t\t\t\t<div class=\"elementor-accordion-item\">\n\t\t\t\t\t<div id=\"elementor-tab-title-1222\" class=\"elementor-tab-title\" data-tab=\"2\" role=\"tab\" aria-controls=\"elementor-tab-content-1222\" aria-expanded=\"false\">\n\t\t\t\t\t\t\t\t\t\t\t\t\t<span class=\"elementor-accordion-icon elementor-accordion-icon-left\" aria-hidden=\"true\">\n\t\t\t\t\t\t\t\t\t\t\t\t\t\t\t<span class=\"elementor-accordion-icon-closed\"><i class=\"fas fa-plus\"><\/i><\/span>\n\t\t\t\t\t\t\t\t<span class=\"elementor-accordion-icon-opened\"><i class=\"fas fa-minus\"><\/i><\/span>\n\t\t\t\t\t\t\t\t\t\t\t\t\t\t<\/span>\n\t\t\t\t\t\t\t\t\t\t\t\t<a class=\"elementor-accordion-title\" href=\"\">Bachillerato Tecnol\u00f3gico<\/a>\n\t\t\t\t\t<\/div>\n\t\t\t\t\t<div id=\"elementor-tab-content-1222\" class=\"elementor-tab-content elementor-clearfix\" data-tab=\"2\" role=\"tabpanel\" aria-labelledby=\"elementor-tab-title-1222\"><p><a href=\"https:\/\/portalsej.jalisco.gob.mx\/micrositios\/wp-content\/uploads\/2021\/05\/formato_de_mapa_curricular_bt_1mayo2019.xlsx\" target=\"_blank\" rel=\"noopener\">Formato de Mapa Curricular<\/a><\/p><\/div>\n\t\t\t\t<\/div>\n\t\t\t\t\t\t\t<div class=\"elementor-accordion-item\">\n\t\t\t\t\t<div id=\"elementor-tab-title-1223\" class=\"elementor-tab-title\" data-tab=\"3\" role=\"tab\" aria-controls=\"elementor-tab-content-1223\" aria-expanded=\"false\">\n\t\t\t\t\t\t\t\t\t\t\t\t\t<span class=\"elementor-accordion-icon elementor-accordion-icon-left\" aria-hidden=\"true\">\n\t\t\t\t\t\t\t\t\t\t\t\t\t\t\t<span class=\"elementor-accordion-icon-closed\"><i class=\"fas fa-plus\"><\/i><\/span>\n\t\t\t\t\t\t\t\t<span class=\"elementor-accordion-icon-opened\"><i class=\"fas fa-minus\"><\/i><\/span>\n\t\t\t\t\t\t\t\t\t\t\t\t\t\t<\/span>\n\t\t\t\t\t\t\t\t\t\t\t\t<a class=\"elementor-accordion-title\" href=\"\">Bachillerato Intensivo Semiescolarizado<\/a>\n\t\t\t\t\t<\/div>\n\t\t\t\t\t<div id=\"elementor-tab-content-1223\" class=\"elementor-tab-content elementor-clearfix\" data-tab=\"3\" role=\"tabpanel\" aria-labelledby=\"elementor-tab-title-1223\"><p><a href=\"https:\/\/portalsej.jalisco.gob.mx\/micrositios\/wp-content\/uploads\/2021\/05\/formato_de_mapa_curricular_bis_1mayo2019.pptx\" target=\"_blank\" rel=\"noopener\">Formato de Mapa curricular<\/a><br \/><a href=\"https:\/\/portalsej.jalisco.gob.mx\/micrositios\/wp-content\/uploads\/2021\/05\/asignaturas_bis_formacicn_para_trabajo_y_propedepsticamayo2019-1.pdf\" target=\"_blank\" rel=\"noopener\">Asignaturas de formaci\u00f3n proped\u00e9utica y para el trabajo<\/a><\/p><table><tbody><tr><td>Componente de Formaci\u00f3n B\u00e1sica<\/td><td>Componente de Formaci\u00f3n Proped\u00e9utica<\/td><td>Componente de Formaci\u00f3n para el trabajo<\/td><\/tr><tr><td><p>PRIMER M\u00d3DULO<br \/><a href=\"https:\/\/drive.google.com\/file\/d\/1gZljUrdxPXikAQCIVIDcRgr9KcdFQmCa\/view?usp=sharing\" target=\"_blank\" rel=\"noopener\">Matem\u00e1ticas I<\/a><a href=\"https:\/\/drive.google.com\/file\/d\/1BwiaIAat-R1f2IMHNHHmwH5kj3MbTm7Q\/view?usp=sharing\" target=\"_blank\" rel=\"noopener\">Qu\u00edmica I <\/a><br \/><a href=\"https:\/\/drive.google.com\/file\/d\/1y3SSgayPmzrbwyOybLu1RoSMxVsw1dKw\/view?usp=sharing\" target=\"_blank\" rel=\"noopener\">Metodolog\u00eda de la investigaci\u00f3n<\/a><br \/><a href=\"https:\/\/drive.google.com\/file\/d\/1sBHWub4hTutDfB40I8_ndSMN8yCzq2ax\/view?usp=sharing\" target=\"_blank\" rel=\"noopener\">Aprendizaje autogestivo<\/a><br \/><a href=\"https:\/\/drive.google.com\/file\/d\/1b8B-Z6k2-g8zP9spatx8vAiKICoJlYyF\/view?usp=sharing\" target=\"_blank\" rel=\"noopener\">Taller de lectura y redacci\u00f3n I<\/a><br \/><a href=\"https:\/\/drive.google.com\/file\/d\/1FQY5g4AwiRr925GiaGENaZgQIx4DzmFR\/view?usp=sharing\" target=\"_blank\" rel=\"noopener\">Ingl\u00e9s I<\/a><br \/><a href=\"https:\/\/drive.google.com\/file\/d\/1Hz1Ro-HBVseFtQcwOOiTrNHCnpUQnmEG\/view?usp=sharing\" target=\"_blank\" rel=\"noopener\">Inform\u00e1tica I<\/a><\/p><h6>SEGUNDO M\u00d3DULO<\/h6><p><a href=\"https:\/\/drive.google.com\/file\/d\/1jXe8-rPWRRAQNQnASj3__xpzRn-K9QP7\/view?usp=sharing\" target=\"_blank\" rel=\"noopener\">Matem\u00e1ticas II<\/a><br \/><a href=\"https:\/\/drive.google.com\/file\/d\/1ekHIFxxenD-ztaX7b4Qf9MXnfq9vJ3IH\/view?usp=sharing\" target=\"_blank\" rel=\"noopener\">Qu\u00edmica II<\/a><br \/><a href=\"https:\/\/drive.google.com\/file\/d\/1SC58nNg-yJUWb140_55hOsU-u9_bZUph\/view?usp=sharing\" target=\"_blank\" rel=\"noopener\">\u00c9tica II<\/a><br \/><a href=\"https:\/\/drive.google.com\/file\/d\/1b-xTV8sYs7l2n0FCSalAOGha_pEowK4D\/view?usp=sharing\" target=\"_blank\" rel=\"noopener\">Introducci\u00f3n a las ciencias sociales<\/a><br \/><a href=\"https:\/\/drive.google.com\/file\/d\/1Dsq4Oumig7r4-hv2qdZZfkwGEvvxVXAg\/view?usp=sharing\" target=\"_blank\" rel=\"noopener\">Desarrollo Humano<\/a><br \/><a href=\"https:\/\/drive.google.com\/file\/d\/1u2c8CWQzhGym9_sgMg49wDg6UcFFYBG-\/view?usp=sharing\" target=\"_blank\" rel=\"noopener\">Taller de lectura y redacci\u00f3n II<\/a><br \/><a href=\"https:\/\/drive.google.com\/file\/d\/1urCaS4yiSGexg995P6mpxs3m2LPMdkce\/view?usp=sharing\" target=\"_blank\" rel=\"noopener\">Ingl\u00e9s II<\/a><br \/><a href=\"https:\/\/drive.google.com\/file\/d\/1tpwXjnQw0WXmDtQqr5L9CqqEWDZBitUR\/view?usp=sharing\" target=\"_blank\" rel=\"noopener\">Inform\u00e1tica II<\/a><\/p><h6>TERCER M\u00d3DULO<\/h6><p><a href=\"https:\/\/drive.google.com\/file\/d\/16FDAhQHTeejS4a_ldjm3cL8_mNrfbaSI\/view?usp=sharing\" target=\"_blank\" rel=\"noopener\">Matem\u00e1ticas III<\/a><br \/><a href=\"https:\/\/drive.google.com\/file\/d\/18ISLgBGC_d2ZXWujTJBn4O79zLijrIhC\/view?usp=sharing\" target=\"_blank\" rel=\"noopener\">Biolog\u00eda I<\/a><br \/><a href=\"https:\/\/drive.google.com\/file\/d\/1UMOg8Rp7fR0yOOQKip3HozIaeZRGUVuX\/view?usp=sharing\" target=\"_blank\" rel=\"noopener\">F\u00edsica I<\/a><br \/><a href=\"https:\/\/drive.google.com\/file\/d\/1Yy8NjyviKnu6XFVYplmCHXDnhdeK7rcO\/view?usp=sharing\" target=\"_blank\" rel=\"noopener\">Historia de M\u00e9xico I<\/a><br \/><a href=\"https:\/\/drive.google.com\/file\/d\/1Un3KmiHeK2jJ-gd6KyqSde0cdYSC84XV\/view?usp=sharing\" target=\"_blank\" rel=\"noopener\">Literatura I<\/a><br \/><a href=\"https:\/\/drive.google.com\/file\/d\/1fZ4V1JOi5qJNPpngTB_IOHp_Mj_yaMAg\/view?usp=sharing\" target=\"_blank\" rel=\"noopener\">Ingl\u00e9s III<\/a><\/p><h6>CUARTO M\u00d3DULO<\/h6><p><a href=\"https:\/\/drive.google.com\/file\/d\/1yxLMBmpxTd16nMVsgkjycuqEJ4tUr_T8\/view?usp=sharing\" target=\"_blank\" rel=\"noopener\">Matem\u00e1ticas IV<\/a><br \/><a href=\"https:\/\/drive.google.com\/file\/d\/1aiB6lZp4paKFEHtEEkrm-O5hvK4kbGSS\/view?usp=sharing\" target=\"_blank\" rel=\"noopener\">Biolog\u00eda II<\/a><br \/><a href=\"https:\/\/drive.google.com\/file\/d\/1JQVmi8qbl1UUeFIxfaIxo_z_GhMwS0-d\/view?usp=sharing\" target=\"_blank\" rel=\"noopener\">F\u00edsica II<\/a><br \/><a href=\"https:\/\/drive.google.com\/file\/d\/1J1lHU5izxQV5ut5ivTO75KQYweRA3A4b\/view?usp=sharing\" target=\"_blank\" rel=\"noopener\">Historia de M\u00e9xico II<\/a><br \/><a href=\"https:\/\/drive.google.com\/file\/d\/1eyiVdzAVnNxmH9XqZN2jcqr-QcnffN4H\/view?usp=sharing\" target=\"_blank\" rel=\"noopener\">Ingl\u00e9s IV<\/a><br \/><a href=\"https:\/\/drive.google.com\/file\/d\/1mYK7GOhuRf2loVO8pfoGyNHNY81si0yk\/view?usp=sharing\" target=\"_blank\" rel=\"noopener\">Literatura II<\/a><\/p><h6>QUINTO M\u00d3DULO<\/h6><p><a href=\"https:\/\/drive.google.com\/file\/d\/1aJf0LlwQ3maGm0HsxinDa83ct8oc14qQ\/view?usp=sharing\" target=\"_blank\" rel=\"noopener\">Geograf\u00eda <\/a><br \/><a href=\"https:\/\/drive.google.com\/file\/d\/1aJf0LlwQ3maGm0HsxinDa83ct8oc14qQ\/view?usp=sharing\" target=\"_blank\" rel=\"noopener\">Estructura Socioecon\u00f3mica de M\u00e9xico<\/a><\/p><h6>SEXTO M\u00d3DULO<\/h6><p><a href=\"https:\/\/drive.google.com\/file\/d\/1fRX82XUjCebVVy6Mz7PZON_PUx3HZK_a\/view?usp=sharing\" target=\"_blank\" rel=\"noopener\">Filosof\u00eda<\/a><br \/><a href=\"https:\/\/drive.google.com\/file\/d\/18FXCweJ33chovuInBzRBuqte-E96psNz\/view?usp=sharing\" target=\"_blank\" rel=\"noopener\">Ecolog\u00eda y Medio Ambiente<\/a><br \/><a href=\"https:\/\/drive.google.com\/file\/d\/1Yc0c1FpLIlwCSiboSIGokj8YEWpTy_t-\/view?usp=sharing\" target=\"_blank\" rel=\"noopener\">Historia Universal Contemporanea<\/a><\/p><\/td><td><a href=\"https:\/\/drive.google.com\/file\/d\/15qwj-4IzP8EfjuXdoIyNVers0jDxXW0p\/view?usp=sharing\" target=\"_blank\" rel=\"noopener\">Ciencias de la Salud I<\/a><br \/><a href=\"https:\/\/drive.google.com\/file\/d\/1qk-9dSAmdcQdkzxDnYpaXwkrOFL_JpmC\/view?usp=sharing\" target=\"_blank\" rel=\"noopener\">Ciencias de la Salud II<\/a><br \/><a href=\"https:\/\/drive.google.com\/file\/d\/1Bk05-OqpZD8A9nCWErbYrltDt6TxWp2s\/view?usp=sharing\" target=\"_blank\" rel=\"noopener\">Derecho I<\/a><br \/><a href=\"https:\/\/drive.google.com\/file\/d\/1-26TBnvOoKztbdNT8YVxeFKqWkNgtmOJ\/view?usp=sharing\" target=\"_blank\" rel=\"noopener\">Derecho II<\/a><br \/><a href=\"https:\/\/drive.google.com\/file\/d\/1X-CkU42Mq2VAc6RbH_W_IuEfqJTz7PJi\/view?usp=sharing\" target=\"_blank\" rel=\"noopener\">Sociolog\u00eda I<\/a><br \/><a href=\"https:\/\/drive.google.com\/file\/d\/16xV6EytiJi5jkXgJ-Qc1Ck1kUxbptJSp\/view?usp=sharing\" target=\"_blank\" rel=\"noopener\">Sociolog\u00eda II<\/a><br \/><a href=\"https:\/\/drive.google.com\/file\/d\/1hRdTSyh1lpJOeA_agjFwPF4RwLs5iUzy\/view?usp=sharing\" target=\"_blank\" rel=\"noopener\">Temas Selectos de Biolog\u00eda I<\/a><br \/><a href=\"https:\/\/drive.google.com\/file\/d\/121oNMiLm-27MRMCzEq5Y6HS4E7wqAj3D\/view?usp=sharing\" target=\"_blank\" rel=\"noopener\">Temas Selectos de Biolog\u00eda II<\/a><br \/><a href=\"https:\/\/drive.google.com\/file\/d\/1tM_aR8q8EU9L5pafs8PJ9ndecQmYLfws\/view?usp=sharing\" target=\"_blank\" rel=\"noopener\">Temas Selectos de F\u00edsica I<\/a><br \/><a href=\"https:\/\/drive.google.com\/file\/d\/1ede9b5SoiWUf6V_cRPVlFgVDEL0TaILD\/view?usp=sharing\" target=\"_blank\" rel=\"noopener\">Temas Selectos de F\u00edsica II<\/a><br \/><a href=\"https:\/\/drive.google.com\/file\/d\/1008-r2G18HdcWV_BsYmOpSCDo27Kucn2\/view?usp=sharing\" target=\"_blank\" rel=\"noopener\">C\u00e1lculo diferencial<\/a><br \/><a href=\"https:\/\/drive.google.com\/file\/d\/1R5YfDBySGAq5KP1Z1NlvLNHwtiK69bx1\/view?usp=sharing\" target=\"_blank\" rel=\"noopener\">C\u00e1lculo integral<\/a><br \/><a href=\"https:\/\/drive.google.com\/file\/d\/1cUxlwRTnh2d-0NoankIG4PC4NAM0X5DV\/view?usp=sharing\" target=\"_blank\" rel=\"noopener\">Econom\u00eda I<\/a><br \/><a href=\"https:\/\/drive.google.com\/file\/d\/1Sc4XTjaNOsQCh2KcTLeg2XrrSjF_5D_-\/view?usp=sharing\" target=\"_blank\" rel=\"noopener\">Econom\u00eda II<\/a><br \/><a href=\"https:\/\/drive.google.com\/file\/d\/17HjCi8ZTdLq6JnOutV9M8befmnDbsHW7\/view?usp=sharing\" target=\"_blank\" rel=\"noopener\">Matem\u00e1icas financieras I<\/a><br \/><a href=\"https:\/\/drive.google.com\/file\/d\/15gES3tAwoFK9EKCv6aSv7x7p5uIhvcnZ\/view?usp=sharing\" target=\"_blank\" rel=\"noopener\">Matem\u00e1icas financieras II<\/a><br \/><a href=\"https:\/\/drive.google.com\/file\/d\/1LFptrbCGFutlWqsCDymZkAekh4uNP252\/view?usp=sharing\" target=\"_blank\" rel=\"noopener\">Temas selectos de Qu\u00edmica I<\/a><br \/><a href=\"https:\/\/drive.google.com\/file\/d\/1as1lj1OQ3eA776n9IJw_Uh-dldm8arv6\/view?usp=sharing\" target=\"_blank\" rel=\"noopener\">Temas selectos de Qu\u00edmica II<\/a><br \/><a href=\"https:\/\/drive.google.com\/file\/d\/1sesu2eRF9hp2EJsKXMPFjI62htZO0zZZ\/view?usp=sharing\" target=\"_blank\" rel=\"noopener\">Dibujo I<\/a><br \/><a href=\"https:\/\/drive.google.com\/file\/d\/1JQvn2FVBJ8hn5i5iW57KHWw0o5IcotC9\/view?usp=sharing\" target=\"_blank\" rel=\"noopener\">Dibujo II<\/a><br \/><a href=\"https:\/\/drive.google.com\/file\/d\/1J00qXy9G4W-Yt2jY30M5yvDI_e1pNAef\/view?usp=sharing\" target=\"_blank\" rel=\"noopener\">Contabilidad I<\/a><br \/><a href=\"https:\/\/drive.google.com\/file\/d\/1oni8F38EVfKvl74rY8MZVFCFWr63GC6C\/view?usp=sharing\" target=\"_blank\" rel=\"noopener\">Contabilidad II<\/a><br \/><a href=\"https:\/\/drive.google.com\/file\/d\/12qRiyWCIkwmt_7ymW37SensfDyi69vjZ\/view?usp=sharing\" target=\"_blank\" rel=\"noopener\">Psicolog\u00eda I<\/a><br \/><a href=\"https:\/\/drive.google.com\/file\/d\/1gxqvfSn-cNJ5of9wlL_GR3JYdPobTSOt\/view?usp=sharing\" target=\"_blank\" rel=\"noopener\">Psicolog\u00eda II<\/a><\/td><td><a href=\"https:\/\/drive.google.com\/file\/d\/1cSIQL66IB63c5el5lGgo0-rTCctU1wx8\/view?usp=sharing\" target=\"_blank\" rel=\"noopener\">Ciencias de la Comunicaci\u00f3n I<\/a><br \/><a href=\"https:\/\/drive.google.com\/file\/d\/1-3_yPqbdwFqQmVjwTulgRYivgW5n9BWt\/view?usp=sharing\" target=\"_blank\" rel=\"noopener\">Ciencias de la Comunicaci\u00f3n II<\/a><br \/><a href=\"https:\/\/drive.google.com\/file\/d\/1Ba0WT6vgZUP27VnQjarnLYn4850BxHxj\/view?usp=sharing\" target=\"_blank\" rel=\"noopener\">Higiene y Salud Comunitaria<\/a><br \/><a href=\"https:\/\/drive.google.com\/file\/d\/1TA7JIDDb1qYPoktdD2qJjB4sQQ7o37Qc\/view?usp=sharing\" target=\"_blank\" rel=\"noopener\">T\u00e9cnica de An\u00e1lisis Qu\u00edmicos<\/a><br \/><a href=\"https:\/\/drive.google.com\/file\/d\/1mkUBScXKyVR-AozWDtWumh4Ybu60usRZ\/view?usp=sharing\" target=\"_blank\" rel=\"noopener\">Tecnolog\u00eda de laboratorio<\/a><br \/><a href=\"https:\/\/drive.google.com\/file\/d\/1LztLczt7dhKUQF7i7QV23mvFbp0jx3aR\/view?usp=sharing\" target=\"_blank\" rel=\"noopener\">Probabilidad y Estad\u00edstica I<\/a><br \/><a href=\"https:\/\/drive.google.com\/file\/d\/1-9_YtSH6zUPnA94X9DjvdJx6a3WCXEzE\/view?usp=sharing\" target=\"_blank\" rel=\"noopener\">Probabilidad y Estad\u00edstica II<\/a><br \/><a href=\"https:\/\/drive.google.com\/file\/d\/1tN5IoRMZnuUGwTQVY5_O9nWRJi0dhBJq\/view?usp=sharing\" target=\"_blank\" rel=\"noopener\">Administraci\u00f3n<\/a><br \/><a href=\"https:\/\/drive.google.com\/file\/d\/1Joj_QfKsEQDM3_rCm1e2QpDCgcgHPlKu\/view?usp=sharing\" target=\"_blank\" rel=\"noopener\">Anatom\u00eda y fisiolog\u00eda humana<\/a><br \/><a href=\"https:\/\/drive.google.com\/file\/d\/1VhWngPWUdw2i_ysg65-T4buTJdYs9oIn\/view?usp=sharing\" target=\"_blank\" rel=\"noopener\">Formaci\u00f3n empresarial I<\/a><br \/><a href=\"https:\/\/drive.google.com\/file\/d\/1iH-u26IdujZD3hdrUBAxnj3qX6XyU1Pb\/view?usp=sharing\" target=\"_blank\" rel=\"noopener\">Formaci\u00f3n empresarial II<\/a><br \/><a href=\"https:\/\/drive.google.com\/file\/d\/1RH59v2qk1Kk7PabJpYkrd6-Etin7ADYl\/view?usp=sharing\" target=\"_blank\" rel=\"noopener\">Aplicaciones espec\u00edficas con programas integrados<\/a><br \/><a href=\"https:\/\/drive.google.com\/file\/d\/1On4xLI9gWgahAA6OXqhNOFW9MB2xBGrX\/view?usp=sharing\" target=\"_blank\" rel=\"noopener\">Aplicaciones gr\u00e1ficas con programas integrados<\/a><br \/><a href=\"https:\/\/drive.google.com\/file\/d\/1r2vvH8a0-rYHI1fi0Aw68bkHP49f8qrb\/view?usp=sharing\" target=\"_blank\" rel=\"noopener\">Calidad e Innovaci\u00f3n Tecnol\u00f3gica<\/a><br \/><a href=\"https:\/\/drive.google.com\/file\/d\/1d7SAD6mPZTtp3zHqoAQKiYaPSf_z9xJF\/view?usp=sharing\" target=\"_blank\" rel=\"noopener\">Sistemas de informaci\u00f3n I<\/a><br \/><a href=\"https:\/\/drive.google.com\/file\/d\/1mfVUqDddDqWY7r0ZpOhJdwAW7VUEn6ea\/view?usp=sharing\" target=\"_blank\" rel=\"noopener\">Sistemas de informaci\u00f3n II<\/a><\/td><\/tr><\/tbody><\/table><\/div>\n\t\t\t\t<\/div>\n\t\t\t\t\t\t\t<div class=\"elementor-accordion-item\">\n\t\t\t\t\t<div id=\"elementor-tab-title-1224\" class=\"elementor-tab-title\" data-tab=\"4\" role=\"tab\" aria-controls=\"elementor-tab-content-1224\" aria-expanded=\"false\">\n\t\t\t\t\t\t\t\t\t\t\t\t\t<span class=\"elementor-accordion-icon elementor-accordion-icon-left\" aria-hidden=\"true\">\n\t\t\t\t\t\t\t\t\t\t\t\t\t\t\t<span class=\"elementor-accordion-icon-closed\"><i class=\"fas fa-plus\"><\/i><\/span>\n\t\t\t\t\t\t\t\t<span class=\"elementor-accordion-icon-opened\"><i class=\"fas fa-minus\"><\/i><\/span>\n\t\t\t\t\t\t\t\t\t\t\t\t\t\t<\/span>\n\t\t\t\t\t\t\t\t\t\t\t\t<a class=\"elementor-accordion-title\" href=\"\">Bachillerato virtual<\/a>\n\t\t\t\t\t<\/div>\n\t\t\t\t\t<div id=\"elementor-tab-content-1224\" class=\"elementor-tab-content elementor-clearfix\" data-tab=\"4\" role=\"tabpanel\" aria-labelledby=\"elementor-tab-title-1224\"><p><a href=\"https:\/\/portalsej.jalisco.gob.mx\/micrositios\/wp-content\/uploads\/2021\/05\/formato_de_mapa_curricular_bvmayo2019.pptx\" target=\"_blank\" rel=\"noopener\">Formato de Mapa Curricular Virtual<\/a><br \/><a href=\"https:\/\/portalsej.jalisco.gob.mx\/micrositios\/wp-content\/uploads\/2021\/05\/anexo_para_formacin_propedeuticav3mayo2019.pdf\" target=\"_blank\" rel=\"noopener\">Anexo para materias de Formaci\u00f3n proped\u00e9utica<\/a><\/p><\/div>\n\t\t\t\t<\/div>\n\t\t\t\t\t\t\t\t<\/div>\n\t\t\t\t<\/div>\n\t\t\t\t<\/div>\n\t\t\t\t\t<\/div>\n\t\t<\/div>\n\t\t\t\t\t\t\t<\/div>\n\t\t<\/section>\n\t\t\t\t<section class=\"elementor-section elementor-top-section elementor-element elementor-element-3735a05 elementor-section-boxed elementor-section-height-default elementor-section-height-default\" data-id=\"3735a05\" data-element_type=\"section\">\n\t\t\t\t\t\t<div class=\"elementor-container elementor-column-gap-default\">\n\t\t\t\t\t<div class=\"elementor-column elementor-col-100 elementor-top-column elementor-element elementor-element-52cbd62\" data-id=\"52cbd62\" data-element_type=\"column\">\n\t\t\t<div class=\"elementor-widget-wrap\">\n\t\t\t\t\t\t\t\t\t<\/div>\n\t\t<\/div>\n\t\t\t\t\t\t\t<\/div>\n\t\t<\/section>\n\t\t\t\t\t\t<\/div>\n\t\t\t\t\t<\/div>\n\t\t","protected":false},"excerpt":{"rendered":"<p>Informaci\u00f3n Acad\u00e9mica Bachillerato General Formato de Mapa Curricular Formato de Mapa Curricular 5to. par Anexo para materias de Formaci\u00f3n proped\u00e9utica Anexo para las materias de Formaci\u00f3n profesional Bachillerato Tecnol\u00f3gico Formato de Mapa Curricular Bachillerato Intensivo Semiescolarizado Formato de Mapa curricularAsignaturas de formaci\u00f3n proped\u00e9utica y para el trabajo Componente de Formaci\u00f3n B\u00e1sica Componente de Formaci\u00f3n Proped\u00e9utica &hellip;<\/p>\n<p class=\"read-more\"> <a class=\"\" href=\"https:\/\/portalsej.jalisco.gob.mx\/micrositios\/?page_id=3268\"> <span class=\"screen-reader-text\">Nuevo Modelo Educativo<\/span> Leer m\u00e1s &raquo;<\/a><\/p>\n","protected":false},"author":1,"featured_media":0,"parent":2962,"menu_order":6,"comment_status":"closed","ping_status":"closed","template":"","meta":{"footnotes":""},"class_list":["post-3268","page","type-page","status-publish","hentry"],"_links":{"self":[{"href":"https:\/\/portalsej.jalisco.gob.mx\/micrositios\/index.php?rest_route=\/wp\/v2\/pages\/3268","targetHints":{"allow":["GET"]}}],"collection":[{"href":"https:\/\/portalsej.jalisco.gob.mx\/micrositios\/index.php?rest_route=\/wp\/v2\/pages"}],"about":[{"href":"https:\/\/portalsej.jalisco.gob.mx\/micrositios\/index.php?rest_route=\/wp\/v2\/types\/page"}],"author":[{"embeddable":true,"href":"https:\/\/portalsej.jalisco.gob.mx\/micrositios\/index.php?rest_route=\/wp\/v2\/users\/1"}],"replies":[{"embeddable":true,"href":"https:\/\/portalsej.jalisco.gob.mx\/micrositios\/index.php?rest_route=%2Fwp%2Fv2%2Fcomments&post=3268"}],"version-history":[{"count":10,"href":"https:\/\/portalsej.jalisco.gob.mx\/micrositios\/index.php?rest_route=\/wp\/v2\/pages\/3268\/revisions"}],"predecessor-version":[{"id":4050,"href":"https:\/\/portalsej.jalisco.gob.mx\/micrositios\/index.php?rest_route=\/wp\/v2\/pages\/3268\/revisions\/4050"}],"up":[{"embeddable":true,"href":"https:\/\/portalsej.jalisco.gob.mx\/micrositios\/index.php?rest_route=\/wp\/v2\/pages\/2962"}],"wp:attachment":[{"href":"https:\/\/portalsej.jalisco.gob.mx\/micrositios\/index.php?rest_route=%2Fwp%2Fv2%2Fmedia&parent=3268"}],"curies":[{"name":"wp","href":"https:\/\/api.w.org\/{rel}","templated":true}]}}