{"id":4064,"date":"2021-05-25T18:01:38","date_gmt":"2021-05-25T18:01:38","guid":{"rendered":"https:\/\/portalsej.jalisco.gob.mx\/micrositios\/?page_id=4064"},"modified":"2022-05-11T13:36:34","modified_gmt":"2022-05-11T13:36:34","slug":"directorio-de-escuelas-incorporadas","status":"publish","type":"page","link":"https:\/\/portalsej.jalisco.gob.mx\/micrositios\/?page_id=4064","title":{"rendered":"Directorio de Escuelas Incorporadas"},"content":{"rendered":"\t\t<div data-elementor-type=\"wp-page\" data-elementor-id=\"4064\" class=\"elementor elementor-4064\" data-elementor-settings=\"[]\">\n\t\t\t\t\t\t\t<div class=\"elementor-section-wrap\">\n\t\t\t\t\t\t\t<section class=\"elementor-section elementor-top-section elementor-element elementor-element-6cbc7af elementor-section-boxed elementor-section-height-default elementor-section-height-default\" data-id=\"6cbc7af\" data-element_type=\"section\">\n\t\t\t\t\t\t<div class=\"elementor-container elementor-column-gap-default\">\n\t\t\t\t\t<div class=\"elementor-column elementor-col-100 elementor-top-column elementor-element elementor-element-d2703aa\" data-id=\"d2703aa\" data-element_type=\"column\">\n\t\t\t<div class=\"elementor-widget-wrap\">\n\t\t\t\t\t\t\t\t\t<\/div>\n\t\t<\/div>\n\t\t\t\t\t\t\t<\/div>\n\t\t<\/section>\n\t\t\t\t<section class=\"elementor-section elementor-top-section elementor-element elementor-element-5f36eb6 elementor-section-boxed elementor-section-height-default elementor-section-height-default\" data-id=\"5f36eb6\" data-element_type=\"section\">\n\t\t\t\t\t\t<div class=\"elementor-container elementor-column-gap-default\">\n\t\t\t\t\t<div class=\"elementor-column elementor-col-100 elementor-top-column elementor-element elementor-element-12dc392\" data-id=\"12dc392\" data-element_type=\"column\">\n\t\t\t<div class=\"elementor-widget-wrap elementor-element-populated\">\n\t\t\t\t\t\t\t\t<div class=\"elementor-element elementor-element-7c0ece6 elementor-widget elementor-widget-accordion\" data-id=\"7c0ece6\" data-element_type=\"widget\" data-widget_type=\"accordion.default\">\n\t\t\t\t<div class=\"elementor-widget-container\">\n\t\t\t\t\t<div class=\"elementor-accordion\" role=\"tablist\">\n\t\t\t\t\t\t\t<div class=\"elementor-accordion-item\">\n\t\t\t\t\t<div id=\"elementor-tab-title-1301\" class=\"elementor-tab-title\" data-tab=\"1\" role=\"tab\" aria-controls=\"elementor-tab-content-1301\" aria-expanded=\"false\">\n\t\t\t\t\t\t\t\t\t\t\t\t\t<span class=\"elementor-accordion-icon elementor-accordion-icon-left\" aria-hidden=\"true\">\n\t\t\t\t\t\t\t\t\t\t\t\t\t\t\t<span class=\"elementor-accordion-icon-closed\"><i class=\"fas fa-plus\"><\/i><\/span>\n\t\t\t\t\t\t\t\t<span class=\"elementor-accordion-icon-opened\"><i class=\"fas fa-minus\"><\/i><\/span>\n\t\t\t\t\t\t\t\t\t\t\t\t\t\t<\/span>\n\t\t\t\t\t\t\t\t\t\t\t\t<a class=\"elementor-accordion-title\" href=\"\">Listado de Escuelas Asociadas a la RED<\/a>\n\t\t\t\t\t<\/div>\n\t\t\t\t\t<div id=\"elementor-tab-content-1301\" class=\"elementor-tab-content elementor-clearfix\" data-tab=\"1\" role=\"tabpanel\" aria-labelledby=\"elementor-tab-title-1301\"><p><a href=\"http:\/\/www.bycenj.edu.mx\/\" target=\"_blank\" rel=\"noopener\">BENEMERITA Y CENTENARIA ESCUELA NORMAL DE JALISCO<\/a><br \/><a href=\"http:\/\/colegiobancalari.com.mx\/\" target=\"_blank\" rel=\"noopener\">CENTRO EDUCATIVO MARIA C. BANCALARI<\/a><br \/><a href=\"http:\/\/www.colegioalbertcamus.com\" target=\"_blank\" rel=\"noopener\">COLEGIO ALBERT CAMUS<\/a><br \/><a href=\"http:\/\/www.cgm.edu.mx\" target=\"_blank\" rel=\"noopener\">COLEGIO GREGORIO MENDEL, A.C<\/a><br \/><a href=\"http:\/\/www.cmadrid.edu.mx\/\" target=\"_blank\" rel=\"noopener\">COLEGIO MADRID DE GUADALAJARA, A.C<\/a><br \/><a href=\"http:\/\/www.utcolumbia.mx\" target=\"_blank\" rel=\"noopener\">COLUMBIA COLLEGE PANAMERICANO DE GUADALAJARA, A.C.Plantel Centro<\/a><br \/><a href=\"http:\/\/www.utcolumbia.mx\" target=\"_blank\" rel=\"noopener\">COLUMBIA COLLEGE PANAMERICANO DE GUADALAJARA, A.C. Plantel Agust\u00edn Y\u00e1\u00f1ez<\/a><br \/><a href=\"http:\/\/prepa5.sems.udg.mx\/\" target=\"_blank\" rel=\"noopener\">ESCUELA PREPARATORIA No.5 UNIVERSIDAD DE GUADALAJARA<\/a><br \/><a href=\"http:\/\/www.mejoratuescuela.org\/escuelas\" target=\"_blank\" rel=\"noopener\">ESCUELA URBANA 96 MANUEL M. DI\u00c9GUEZ<\/a><br \/><a href=\"http:\/\/prepatepatitlan.sems.udg.mx\/\" target=\"_blank\" rel=\"noopener\">PREPARATORIA REGIONAL DE TEPATITLAN DE MORELOS, UNIVERSIDAD DE GUADALAJARA<\/a><br \/><a href=\"http:\/\/www.ual.edu.mx\" target=\"_blank\" rel=\"noopener\">UNIVERSIDAD AMERICA LATINA, Plantel Patria<\/a><br \/><a href=\"http:\/\/www.prepaahualulco.sems.udg.mx\/\" target=\"_blank\" rel=\"noopener\">ESCUELA PREPARATORIA REGIONAL DE AHUALULCO DE MERCADO, UNIVERSIDAD DE GUADALAJARA<\/a><\/p><\/div>\n\t\t\t\t<\/div>\n\t\t\t\t\t\t\t<div class=\"elementor-accordion-item\">\n\t\t\t\t\t<div id=\"elementor-tab-title-1302\" class=\"elementor-tab-title\" data-tab=\"2\" role=\"tab\" aria-controls=\"elementor-tab-content-1302\" aria-expanded=\"false\">\n\t\t\t\t\t\t\t\t\t\t\t\t\t<span class=\"elementor-accordion-icon elementor-accordion-icon-left\" aria-hidden=\"true\">\n\t\t\t\t\t\t\t\t\t\t\t\t\t\t\t<span class=\"elementor-accordion-icon-closed\"><i class=\"fas fa-plus\"><\/i><\/span>\n\t\t\t\t\t\t\t\t<span class=\"elementor-accordion-icon-opened\"><i class=\"fas fa-minus\"><\/i><\/span>\n\t\t\t\t\t\t\t\t\t\t\t\t\t\t<\/span>\n\t\t\t\t\t\t\t\t\t\t\t\t<a class=\"elementor-accordion-title\" href=\"\">Listado de Escuelas Colaboradoras<\/a>\n\t\t\t\t\t<\/div>\n\t\t\t\t\t<div id=\"elementor-tab-content-1302\" class=\"elementor-tab-content elementor-clearfix\" data-tab=\"2\" role=\"tabpanel\" aria-labelledby=\"elementor-tab-title-1302\"><a href=\"http:\/\/www.cecytejalisco.mx\" target=\"_blank\" rel=\"noopener\">COLEGIO DE ESTUDIOS CIENTIFICOS Y TECNOL\u00d3GICOS DEL ESTADO DE JALISCO (CECYTEJ), Plantel Ixtapa, Puerto Vallarta<\/a><br>\n<a href=\"http:\/\/www.cecytejalisco.mx\" target=\"_blank\" rel=\"noopener\">COLEGIO DE ESTUDIOS CIENTIFICOS Y TECNOL\u00d3GICOS DEL ESTADO DE JALISCO (CECYTEJ), Plantel El Salto<\/a><br>\n<a href=\"http:\/\/www.itea.edu.mx\" target=\"_blank\" rel=\"noopener\">INSTITUTO TECNOL\u00d3GICO DE EDUCACI\u00d3N AVANZADA (ITEA), Plantel Tlaquepaque<\/a><br>\n<a href=\"http:\/\/www.itea.edu.mx\" target=\"_blank\" rel=\"noopener\">INSTITUTO TECNOL\u00d3GICO DE EDUCACI\u00d3N AVANZADA (ITEA), Plantel Zapopan<\/a><br>\n<a href=\"http:\/\/www.clairmontschool.com \" target=\"_blank\" rel=\"noopener\">COLEGIO CLAIRMONT SCHOOL<\/a><br>\n<a href=\"http:\/\/www.institutobritanico.com.mx\" target=\"_blank\" rel=\"noopener\">BRITISH INSTITUTE<\/a><br>\n<a href=\"http:\/\/www.prepaahualulco.sems.udg.mx\" target=\"_blank\" rel=\"noopener\">ESCUELA PREPARATORIA REGIONAL DE AHUALULCO DE MERCADO, UNIVERSIDAD DE GUADALAJARA<\/a><br>\n<a href=\"http:\/\/www.univa.mx\" target=\"_blank\" rel=\"noopener\">UNIVERSIDAD DEL VALLE DE ATEMAJAC (UNIVA), EDUCACI\u00d3N MEDIA SUPERIOR<\/a><\/div>\n\t\t\t\t<\/div>\n\t\t\t\t\t\t\t\t<\/div>\n\t\t\t\t<\/div>\n\t\t\t\t<\/div>\n\t\t\t\t\t<\/div>\n\t\t<\/div>\n\t\t\t\t\t\t\t<\/div>\n\t\t<\/section>\n\t\t\t\t\t\t<\/div>\n\t\t\t\t\t<\/div>\n\t\t","protected":false},"excerpt":{"rendered":"<p>Listado de Escuelas Asociadas a la RED BENEMERITA Y CENTENARIA ESCUELA NORMAL DE JALISCOCENTRO EDUCATIVO MARIA C. BANCALARICOLEGIO ALBERT CAMUSCOLEGIO GREGORIO MENDEL, A.CCOLEGIO MADRID DE GUADALAJARA, A.CCOLUMBIA COLLEGE PANAMERICANO DE GUADALAJARA, A.C.Plantel CentroCOLUMBIA COLLEGE PANAMERICANO DE GUADALAJARA, A.C. Plantel Agust\u00edn Y\u00e1\u00f1ezESCUELA PREPARATORIA No.5 UNIVERSIDAD DE GUADALAJARAESCUELA URBANA 96 MANUEL M. DI\u00c9GUEZPREPARATORIA REGIONAL DE TEPATITLAN DE &hellip;<\/p>\n<p class=\"read-more\"> <a class=\"\" href=\"https:\/\/portalsej.jalisco.gob.mx\/micrositios\/?page_id=4064\"> <span class=\"screen-reader-text\">Directorio de Escuelas Incorporadas<\/span> Leer m\u00e1s &raquo;<\/a><\/p>\n","protected":false},"author":1,"featured_media":0,"parent":4051,"menu_order":0,"comment_status":"closed","ping_status":"closed","template":"","meta":{"footnotes":""},"class_list":["post-4064","page","type-page","status-publish","hentry"],"_links":{"self":[{"href":"https:\/\/portalsej.jalisco.gob.mx\/micrositios\/index.php?rest_route=\/wp\/v2\/pages\/4064","targetHints":{"allow":["GET"]}}],"collection":[{"href":"https:\/\/portalsej.jalisco.gob.mx\/micrositios\/index.php?rest_route=\/wp\/v2\/pages"}],"about":[{"href":"https:\/\/portalsej.jalisco.gob.mx\/micrositios\/index.php?rest_route=\/wp\/v2\/types\/page"}],"author":[{"embeddable":true,"href":"https:\/\/portalsej.jalisco.gob.mx\/micrositios\/index.php?rest_route=\/wp\/v2\/users\/1"}],"replies":[{"embeddable":true,"href":"https:\/\/portalsej.jalisco.gob.mx\/micrositios\/index.php?rest_route=%2Fwp%2Fv2%2Fcomments&post=4064"}],"version-history":[{"count":10,"href":"https:\/\/portalsej.jalisco.gob.mx\/micrositios\/index.php?rest_route=\/wp\/v2\/pages\/4064\/revisions"}],"predecessor-version":[{"id":12504,"href":"https:\/\/portalsej.jalisco.gob.mx\/micrositios\/index.php?rest_route=\/wp\/v2\/pages\/4064\/revisions\/12504"}],"up":[{"embeddable":true,"href":"https:\/\/portalsej.jalisco.gob.mx\/micrositios\/index.php?rest_route=\/wp\/v2\/pages\/4051"}],"wp:attachment":[{"href":"https:\/\/portalsej.jalisco.gob.mx\/micrositios\/index.php?rest_route=%2Fwp%2Fv2%2Fmedia&parent=4064"}],"curies":[{"name":"wp","href":"https:\/\/api.w.org\/{rel}","templated":true}]}}