{"id":5312,"date":"2021-06-16T23:58:30","date_gmt":"2021-06-16T23:58:30","guid":{"rendered":"https:\/\/portalsej.jalisco.gob.mx\/micrositios\/?page_id=5312"},"modified":"2021-08-12T14:44:18","modified_gmt":"2021-08-12T14:44:18","slug":"tramites-pnce","status":"publish","type":"page","link":"https:\/\/portalsej.jalisco.gob.mx\/micrositios\/?page_id=5312","title":{"rendered":"Tr\u00e1mites"},"content":{"rendered":"\t\t<div data-elementor-type=\"wp-page\" data-elementor-id=\"5312\" class=\"elementor elementor-5312\" data-elementor-settings=\"[]\">\n\t\t\t\t\t\t\t<div class=\"elementor-section-wrap\">\n\t\t\t\t\t\t\t<section class=\"elementor-section elementor-top-section elementor-element elementor-element-229765c elementor-section-boxed elementor-section-height-default elementor-section-height-default\" data-id=\"229765c\" data-element_type=\"section\">\n\t\t\t\t\t\t<div class=\"elementor-container elementor-column-gap-default\">\n\t\t\t\t\t<div class=\"elementor-column elementor-col-100 elementor-top-column elementor-element elementor-element-fe84e26\" data-id=\"fe84e26\" data-element_type=\"column\">\n\t\t\t<div class=\"elementor-widget-wrap elementor-element-populated\">\n\t\t\t\t\t\t\t\t<div class=\"elementor-element elementor-element-97bb329 elementor-widget elementor-widget-heading\" data-id=\"97bb329\" data-element_type=\"widget\" data-widget_type=\"heading.default\">\n\t\t\t\t<div class=\"elementor-widget-container\">\n\t\t\t<h2 class=\"elementor-heading-title elementor-size-small\">Requisitos de inscripci\u00f3n<\/h2>\t\t<\/div>\n\t\t\t\t<\/div>\n\t\t\t\t\t<\/div>\n\t\t<\/div>\n\t\t\t\t\t\t\t<\/div>\n\t\t<\/section>\n\t\t\t\t<section class=\"elementor-section elementor-top-section elementor-element elementor-element-c4cb261 elementor-section-boxed elementor-section-height-default elementor-section-height-default\" data-id=\"c4cb261\" data-element_type=\"section\">\n\t\t\t\t\t\t<div class=\"elementor-container elementor-column-gap-default\">\n\t\t\t\t\t<div class=\"elementor-column elementor-col-100 elementor-top-column elementor-element elementor-element-ad16afe\" data-id=\"ad16afe\" data-element_type=\"column\">\n\t\t\t<div class=\"elementor-widget-wrap elementor-element-populated\">\n\t\t\t\t\t\t\t\t<div class=\"elementor-element elementor-element-dd4ec96 elementor-widget elementor-widget-text-editor\" data-id=\"dd4ec96\" data-element_type=\"widget\" data-widget_type=\"text-editor.default\">\n\t\t\t\t<div class=\"elementor-widget-container\">\n\t\t\t\t\t\t\t<p> Las escuelas son focalizadas por parte del programa federal. Los criterios de priorizaci\u00f3n de las escuelas p\u00fablicas solicitantes, considerar\u00e1 que:<\/p>\n<ul>\n<li>En ciclos escolares anteriores hayan trabajado el enfoque de convivencia escolar arm\u00f3nica, pac\u00edfica e inclusiva.<\/li>\n<li>Se encuentran en localidades urbanas de alta y muy alta marginaci\u00f3n con base a los resultados emitidos por el Consejo Nacional de Poblaci\u00f3n y el Censo Nacional de Poblaci\u00f3n y Vivienda 2010.<\/li>\n<li>No se dupliquen con otras acciones espec\u00edficas sobre convivencia escolar.<\/li>\n<li>No reciban apoyos federales para los mismos prop\u00f3sitos del PNCE<\/li>\n<li>Tengan turno vespertino<\/li>\n<li>Sean inclusivas.<\/li>\n<\/ul>\n<p><strong>FECHAS DE INSCRIPCI\u00d3N<\/strong><br> Se notifica a las escuelas p\u00fablicas de educaci\u00f3n b\u00e1sica de acuerdo a la selecci\u00f3n realizada por la Secretar\u00eda de Educaci\u00f3n P\u00fablica, a trav\u00e9s de la Direcci\u00f3n General de Desarrollo de la Gesti\u00f3n Educativa, de acuerdo a las fechas establecidas en las Reglas de Operaci\u00f3n del Programa.<\/p>\n<p><strong>POBLACI\u00d3N OBJETIVO<\/strong><br> Escuelas P\u00fablicas de Educaci\u00f3n B\u00e1sica y centros de atenci\u00f3n m\u00faltiple que sean incorporados al Programa Nacional de Convivencia Escolar por las Autoridades Educativas Locales, conforme a la disponibilidad presupuestal.<\/p>\t\t\t\t\t\t<\/div>\n\t\t\t\t<\/div>\n\t\t\t\t\t<\/div>\n\t\t<\/div>\n\t\t\t\t\t\t\t<\/div>\n\t\t<\/section>\n\t\t\t\t\t\t<\/div>\n\t\t\t\t\t<\/div>\n\t\t","protected":false},"excerpt":{"rendered":"<p>Requisitos de inscripci\u00f3n Las escuelas son focalizadas por parte del programa federal. Los criterios de priorizaci\u00f3n de las escuelas p\u00fablicas solicitantes, considerar\u00e1 que: En ciclos escolares anteriores hayan trabajado el enfoque de convivencia escolar arm\u00f3nica, pac\u00edfica e inclusiva. Se encuentran en localidades urbanas de alta y muy alta marginaci\u00f3n con base a los resultados emitidos &hellip;<\/p>\n<p class=\"read-more\"> <a class=\"\" href=\"https:\/\/portalsej.jalisco.gob.mx\/micrositios\/?page_id=5312\"> <span class=\"screen-reader-text\">Tr\u00e1mites<\/span> Leer m\u00e1s &raquo;<\/a><\/p>\n","protected":false},"author":1,"featured_media":0,"parent":5311,"menu_order":1,"comment_status":"closed","ping_status":"closed","template":"","meta":{"footnotes":""},"class_list":["post-5312","page","type-page","status-publish","hentry"],"_links":{"self":[{"href":"https:\/\/portalsej.jalisco.gob.mx\/micrositios\/index.php?rest_route=\/wp\/v2\/pages\/5312","targetHints":{"allow":["GET"]}}],"collection":[{"href":"https:\/\/portalsej.jalisco.gob.mx\/micrositios\/index.php?rest_route=\/wp\/v2\/pages"}],"about":[{"href":"https:\/\/portalsej.jalisco.gob.mx\/micrositios\/index.php?rest_route=\/wp\/v2\/types\/page"}],"author":[{"embeddable":true,"href":"https:\/\/portalsej.jalisco.gob.mx\/micrositios\/index.php?rest_route=\/wp\/v2\/users\/1"}],"replies":[{"embeddable":true,"href":"https:\/\/portalsej.jalisco.gob.mx\/micrositios\/index.php?rest_route=%2Fwp%2Fv2%2Fcomments&post=5312"}],"version-history":[{"count":4,"href":"https:\/\/portalsej.jalisco.gob.mx\/micrositios\/index.php?rest_route=\/wp\/v2\/pages\/5312\/revisions"}],"predecessor-version":[{"id":5329,"href":"https:\/\/portalsej.jalisco.gob.mx\/micrositios\/index.php?rest_route=\/wp\/v2\/pages\/5312\/revisions\/5329"}],"up":[{"embeddable":true,"href":"https:\/\/portalsej.jalisco.gob.mx\/micrositios\/index.php?rest_route=\/wp\/v2\/pages\/5311"}],"wp:attachment":[{"href":"https:\/\/portalsej.jalisco.gob.mx\/micrositios\/index.php?rest_route=%2Fwp%2Fv2%2Fmedia&parent=5312"}],"curies":[{"name":"wp","href":"https:\/\/api.w.org\/{rel}","templated":true}]}}

Trámites

<div data-elementor-type="wp-page" data-elementor-id="5312" class="elementor elementor-5312" data-elementor-settings="[]">
							<div class="elementor-section-wrap">
							<section class="elementor-section elementor-top-section elementor-element elementor-element-229765c elementor-section-boxed elementor-section-height-default elementor-section-height-default" data-id="229765c" data-element_type="section">
						<div class="elementor-container elementor-column-gap-default">
					<div class="elementor-column elementor-col-100 elementor-top-column elementor-element elementor-element-fe84e26" data-id="fe84e26" data-element_type="column">
			<div class="elementor-widget-wrap elementor-element-populated">
								<div class="elementor-element elementor-element-97bb329 elementor-widget elementor-widget-heading" data-id="97bb329" data-element_type="widget" data-widget_type="heading.default">
				<div class="elementor-widget-container">
			<h2 class="elementor-heading-title elementor-size-small">Requisitos de inscripción</h2>		</div>
				</div>
					</div>
		</div>
							</div>
		</section>
				<section class="elementor-section elementor-top-section elementor-element elementor-element-c4cb261 elementor-section-boxed elementor-section-height-default elementor-section-height-default" data-id="c4cb261" data-element_type="section">
						<div class="elementor-container elementor-column-gap-default">
					<div class="elementor-column elementor-col-100 elementor-top-column elementor-element elementor-element-ad16afe" data-id="ad16afe" data-element_type="column">
			<div class="elementor-widget-wrap elementor-element-populated">
								<div class="elementor-element elementor-element-dd4ec96 elementor-widget elementor-widget-text-editor" data-id="dd4ec96" data-element_type="widget" data-widget_type="text-editor.default">
				<div class="elementor-widget-container">
							<p> Las escuelas son focalizadas por parte del programa federal. Los criterios de priorización de las escuelas públicas solicitantes, considerará que:</p>
<ul>
<li>En ciclos escolares anteriores hayan trabajado el enfoque de convivencia escolar armónica, pacífica e inclusiva.</li>
<li>Se encuentran en localidades urbanas de alta y muy alta marginación con base a los resultados emitidos por el Consejo Nacional de Población y el Censo Nacional de Población y Vivienda 2010.</li>
<li>No se dupliquen con otras acciones específicas sobre convivencia escolar.</li>
<li>No reciban apoyos federales para los mismos propósitos del PNCE</li>
<li>Tengan turno vespertino</li>
<li>Sean inclusivas.</li>
</ul>
<p><strong>FECHAS DE INSCRIPCIÓN</strong><br> Se notifica a las escuelas públicas de educación básica de acuerdo a la selección realizada por la Secretaría de Educación Pública, a través de la Dirección General de Desarrollo de la Gestión Educativa, de acuerdo a las fechas establecidas en las Reglas de Operación del Programa.</p>
<p><strong>POBLACIÓN OBJETIVO</strong><br> Escuelas Públicas de Educación Básica y centros de atención múltiple que sean incorporados al Programa Nacional de Convivencia Escolar por las Autoridades Educativas Locales, conforme a la disponibilidad presupuestal.</p>						</div>
				</div>
					</div>
		</div>
							</div>
		</section>
						</div>
					</div>

<p>Requisitos de inscripción Las escuelas son focalizadas por parte del programa federal. Los criterios de priorización de las escuelas públicas solicitantes, considerará que: En ciclos escolares anteriores hayan trabajado el enfoque de convivencia escolar armónica, pacífica e inclusiva. Se encuentran en localidades urbanas de alta y muy alta marginación con base a los resultados emitidos &hellip;</p>
<p class="read-more"> <a class="" href="https://portalsej.jalisco.gob.mx/micrositios/?page_id=5312"> <span class="screen-reader-text">Trámites</span> Leer más &raquo;</a></p>
